e factors of 2701?
37, 73
List the prime factors of 208.
2, 13
What are the prime factors of 1430?
2, 5, 11, 13
What are the prime factors of 25156?
2, 19, 331
List the prime factors of 8032.
2, 251
List the prime factors of 29445.
3, 5, 13, 151
List the prime factors of 6525.
3, 5, 29
What are the prime factors of 5629?
13, 433
List the prime factors of 3253.
3253
List the prime factors of 183.
3, 61
What are the prime factors of 35022?
2, 3, 13, 449
List the prime factors of 2097.
3, 233
List the prime factors of 4622.
2, 2311
List the prime factors of 18364.
2, 4591
List the prime factors of 103.
103
What are the prime factors of 811?
811
What are the prime factors of 621?
3, 23
List the prime factors of 465.
3, 5, 31
What are the prime factors of 10329?
3, 11, 313
What are the prime factors of 5120?
2, 5
List the prime factors of 23377.
97, 241
List the prime factors of 4069.
13, 313
List the prime factors of 24.
2, 3
List the prime factors of 2210.
2, 5, 13, 17
List the prime factors of 2902.
2, 1451
List the prime factors of 3116.
2, 19, 41
What are the prime factors of 15064?
2, 7, 269
What are the prime factors of 517?
11, 47
List the prime factors of 336.
2, 3, 7
What are the prime factors of 607?
607
What are the prime factors of 142751?
7, 20393
List the prime factors of 69304.
2, 8663
List the prime factors of 1100.
2, 5, 11
What are the prime factors of 4502?
2, 2251
List the prime factors of 1772.
2, 443
List the prime factors of 12335.
5, 2467
List the prime factors of 14812.
2, 7, 23
List the prime factors of 639.
3, 71
What are the prime factors of 9182?
2, 4591
List the prime factors of 4929.
3, 31, 53
List the prime factors of 232.
2, 29
What are the prime factors of 469?
7, 67
List the prime factors of 1803.
3, 601
What are the prime factors of 3451?
7, 17, 29
What are the prime factors of 147209?
147209
What are the prime factors of 2438?
2, 23, 53
List the prime factors of 2418.
2, 3, 13, 31
List the prime factors of 12311.
13, 947
What are the prime factors of 9200?
2, 5, 23
List the prime factors of 1485.
3, 5, 11
List the prime factors of 2925.
3, 5, 13
List the prime factors of 1625.
5, 13
What are the prime factors of 2591?
2591
List the prime factors of 33966.
2, 3, 17, 37
List the prime factors of 77913.
3, 11, 787
What are the prime factors of 3987?
3, 443
What are the prime factors of 27089?
103, 263
List the prime factors of 1200.
2, 3, 5
List the prime factors of 4091.
4091
List the prime factors of 5865.
3, 5, 17, 23
List the prime factors of 24662.
2, 11, 19, 59
List the prime factors of 7269.
3, 2423
What are the prime factors of 44159?
44159
List the prime factors of 1487.
1487
What are the prime factors of 3189?
3, 1063
List the prime factors of 28104.
2, 3, 1171
List the prime factors of 27878.
2, 53, 263
List the prime factors of 2365.
5, 11, 43
What are the prime factors of 1783?
1783
List the prime factors of 27519.
3, 9173
List the prime factors of 77311.
13, 19, 313
What are the prime factors of 221?
13, 17
List the prime factors of 5971.
7, 853
List the prime factors of 4384.
2, 137
List the prime factors of 90737.
31, 2927
What are the prime factors of 45216?
2, 3, 157
What are the prime factors of 129312?
2, 3, 449
What are the prime factors of 1834?
2, 7, 131
What are the prime factors of 77840?
2, 5, 7, 139
What are the prime factors of 42035?
5, 7, 1201
List the prime factors of 407.
11, 37
What are the prime factors of 145421?
31, 4691
List the prime factors of 1965.
3, 5, 131
What are the prime factors of 639?
3, 71
What are the prime factors of 14987?
7, 2141
List the prime factors of 2150.
2, 5, 43
List the prime factors of 2263.
31, 73
What are the prime factors of 8817?
3, 2939
What are the prime factors of 25441?
13, 19, 103
What are the prime factors of 5607?
3, 7, 89
List the prime factors of 27397.
27397
List the prime factors of 3612.
2, 3, 7, 43
List the prime factors of 38025.
3, 5, 13
List the prime factors of 3606.
2, 3, 601
List the prime factors of 761.
761
What are the prime factors of 1832?
2, 229
List the prime factors of 448.
2, 7
What are the prime factors of 472?
2, 59
What are the prime factors of 4416?
2, 3, 23
List the prime factors of 3953.
59, 67
What are the prime factors of 2085?
3, 5, 139
What are the prime factors of 6098?
2, 3049
List the prime factors of 11793.
3, 3931
What are the prime factors of 428?
2, 107
List the prime factors of 29086.
2, 14543
What are the prime factors of 1990?
2, 5, 199
List the prime factors of 4766.
2, 2383
What are the prime factors of 56924?
2, 7, 19, 107
List the prime factors of 128882.
2, 13, 4957
What are the prime factors of 21057?
3, 7019
What are the prime factors of 30704?
2, 19, 101
What are the prime factors of 8556?
2, 3, 23, 31
What are the prime factors of 885?
3, 5, 59
List the prime factors of 1566.
2, 3, 29
List the prime factors of 1753.
1753
What are the prime factors of 11770?
2, 5, 11, 107
What are the prime factors of 1646?
2, 823
What are the prime factors of 1674?
2, 3, 31
What are the prime factors of 1600?
2, 5
What are the prime factors of 6228?
2, 3, 173
What are the prime factors of 7998?
2, 3, 31, 43
What are the prime factors of 85143?
3, 101, 281
List the prime factors of 13834.
2, 6917
List the prime factors of 89234.
2, 44617
List the prime factors of 6841.
6841
What are the prime factors of 2887?
2887
What are the prime factors of 2073?
3, 691
List the prime factors of 13428.
2, 3, 373
What are the prime factors of 63834?
2, 3, 10639
What are the prime factors of 20715?
3, 5, 1381
What are the prime factors of 9827?
31, 317
List the prime factors of 42561.
3, 4729
List the prime factors of 2331.
3, 7, 37
List the prime factors of 1461.
3, 487
List the prime factors of 2126.
2, 1063
What are the prime factors of 42423?
3, 79, 179
What are the prime factors of 4549?
4549
List the prime factors of 7210.
2, 5, 7, 103
What are the prime factors of 19112?
2, 2389
List the prime factors of 12678.
2, 3, 2113
What are the prime factors of 4193?
7, 599
List the prime factors of 224.
2, 7
What are the prime factors of 6572?
2, 31, 53
List the prime factors of 2511.
3, 31
What are the prime factors of 9192?
2, 3, 383
What are the prime factors of 1578?
2, 3, 263
List the prime factors of 120019.
257, 467
List the prime factors of 1820.
2, 5, 7, 13
What are the prime factors of 30544?
2, 23, 83
What are the prime factors of 3524?
2, 881
What are the prime factors of 81091?
83, 977
What are the prime factors of 5594?
2, 2797
What are the prime factors of 26719?
7, 11, 347
What are the prime factors of 3765?
3, 5, 251
What are the prime factors of 17000?
2, 5, 17
What are the prime factors of 10118?
2, 5059
List the prime factors of 15592.
2, 1949
List the prime factors of 36749.
36749
What are the prime factors of 140304?
2, 3, 37, 79
What are the prime factors of 56?
2, 7
What are the prime factors of 2320?
2, 5, 29
List the prime factors of 51720.
2, 3, 5, 431
List the prime factors of 9722.
2, 4861
List the prime factors of 307.
307
What are the prime factors of 21253?
53, 401
What are the prime factors of 1636?
2, 409
List the prime factors of 7542.
2, 3, 419
List the prime factors of 12574.
2, 6287
List the prime factors of 15762.
2, 3, 37, 71
List the prime factors of 1194.
2, 3, 199
List the prime factors of 17735.
5, 3547
List the prime factors of 536.
2, 67
List the prime factors of 34437.
3, 13, 883
What are the prime factors of 66845?
5, 29, 461
What are the prime factors of 16553?
16553
List the prime factors of 1142.
2, 571
What are the prime factors of 755?
5, 151
List the prime factors of 315.
3, 5, 7
What are the prime factors of 1368?
2, 3, 19
List the prime factors of 214.
2, 107
What are the prime factors of 869?
11, 79
What are the prime factors of 88?
2, 11
List the prime factors of 1521.
3, 13
What are the prime factors of 3004?
2, 751
List the prime factors of 5408.
2, 13
List the prime factors of 32640.
2, 3, 5, 17
List the prime factors of 4871.
4871
List the prime factors of 154519.
191, 809
List the prime factors of 9923.
9923
What are the prime factors of 3256?
2, 11, 37
List the prime factors of 51984.
2, 3, 19
List the prime factors of 3938.
2, 11, 179
List the prime factors o